on divisor of 126994 and 2702.
2702
What is the highest common divisor of 806563 and 629?
37
What is the highest common factor of 16121 and 8883?
329
Calculate the greatest common divisor of 125666 and 114.
38
What is the highest common factor of 38 and 439508?
38
Calculate the highest common factor of 8 and 74248.
8
Calculate the highest common factor of 6464 and 832.
64
What is the greatest common factor of 444902 and 376?
94
Calculate the greatest common factor of 116830 and 490.
70
What is the highest common factor of 3102 and 2838?
66
Calculate the highest common factor of 4192 and 21746.
262
What is the highest common divisor of 77704 and 40?
8
Calculate the greatest common divisor of 6 and 456658.
2
What is the highest common factor of 278568 and 1431?
477
What is the greatest common factor of 360 and 50175?
45
What is the greatest common factor of 4666 and 122?
2
What is the highest common divisor of 246 and 176546?
82
Calculate the greatest common divisor of 3877 and 6.
1
Calculate the greatest common factor of 309930 and 30.
30
Calculate the highest common divisor of 513 and 1919.
19
What is the greatest common divisor of 116088 and 378?
42
What is the highest common divisor of 60 and 5190?
30
Calculate the highest common factor of 58616 and 960.
8
What is the highest common factor of 217 and 4636639?
217
What is the highest common divisor of 262 and 271301?
131
What is the greatest common divisor of 260 and 260572?
52
Calculate the greatest common divisor of 1909039 and 77.
11
What is the greatest common divisor of 1078 and 16544?
22
Calculate the highest common divisor of 474 and 40132.
158
Calculate the greatest common factor of 9344 and 8128.
64
Calculate the highest common divisor of 52560 and 640.
80
Calculate the highest common divisor of 812 and 222314.
58
What is the highest common factor of 223440 and 3344?
304
What is the greatest common factor of 1396551 and 39?
39
Calculate the highest common factor of 6204983 and 51.
17
Calculate the highest common factor of 11 and 813329.
11
Calculate the greatest common divisor of 348644 and 172.
172
What is the greatest common factor of 51388 and 3132?
116
What is the greatest common factor of 1512134 and 52?
26
Calculate the greatest common divisor of 790 and 5767.
79
Calculate the highest common divisor of 2052 and 22401.
171
Calculate the highest common factor of 425 and 6443.
17
What is the greatest common divisor of 305 and 12261?
61
What is the greatest common divisor of 117072 and 240?
48
Calculate the highest common factor of 62 and 2454115.
31
What is the greatest common factor of 4076 and 88?
4
What is the greatest common divisor of 310 and 1953?
31
Calculate the greatest common divisor of 45 and 46105.
5
Calculate the highest common factor of 116 and 717808.
116
Calculate the greatest common factor of 1209935 and 1525.
305
What is the highest common divisor of 560697 and 93?
93
What is the greatest common factor of 42 and 945868?
14
Calculate the greatest common factor of 136313 and 503.
503
What is the highest common factor of 1006 and 554?
2
What is the highest common factor of 105420 and 15?
15
What is the greatest common divisor of 23 and 347?
1
Calculate the greatest common divisor of 3323840 and 1833.
611
What is the greatest common divisor of 188007 and 3741?
87
Calculate the highest common divisor of 5746 and 13039.
221
What is the greatest common divisor of 371 and 31689?
7
What is the highest common divisor of 3121734 and 924?
462
Calculate the greatest common divisor of 5185393 and 41.
41
Calculate the greatest common factor of 34435 and 142.
71
What is the greatest common factor of 136 and 141576?
136
Calculate the highest common factor of 2010 and 2220.
30
What is the greatest common factor of 31781 and 305?
61
What is the greatest common factor of 470 and 2810?
10
Calculate the greatest common factor of 320828 and 16.
4
Calculate the highest common divisor of 8937 and 13902.
993
What is the highest common divisor of 296 and 6728?
8
What is the highest common divisor of 1228 and 2638358?
614
What is the highest common factor of 1177 and 40480?
11
What is the highest common factor of 79 and 1295916?
79
What is the highest common factor of 16848 and 25584?
624
Calculate the greatest common divisor of 1205 and 50851.
241
What is the greatest common divisor of 44 and 508233?
11
What is the greatest common factor of 32075 and 50?
25
What is the greatest common factor of 150896 and 16?
16
Calculate the highest common divisor of 9 and 756396.
9
Calculate the highest common divisor of 167528 and 26298.
974
Calculate the greatest common factor of 3912 and 168.
24
Calculate the greatest common factor of 2115 and 5895.
45
Calculate the highest common factor of 2058 and 30184.
686
Calculate the greatest common divisor of 177 and 986421.
177
What is the highest common divisor of 7138 and 172?
86
What is the greatest common divisor of 32518 and 29536?
142
What is the highest common divisor of 78 and 198536?
26
Calculate the greatest common divisor of 1398 and 48.
6
Calculate the highest common divisor of 1817 and 2133.
79
Calculate the highest common factor of 12 and 1365324.
12
Calculate the highest common divisor of 91 and 77207.
13
Calculate the highest common divisor of 341 and 517.
11
Calculate the greatest common factor of 25916 and 38.
38
What is the greatest common factor of 42408 and 504?
72
Calculate the highest common factor of 127192 and 208.
104
What is the highest common factor of 18 and 489?
3
What is the greatest common divisor of 6544 and 7384?
8
What is the greatest common divisor of 35852 and 260?
4
Calculate the greatest common divisor of 1234050 and 418.
38
Calculate the highest common factor of 30 and 1213962.
6
Calculate the greatest common divisor of 242416 and 14824.
872
Calculate the greatest common divisor of 3097 and 171.
19
Calculate the highest common factor of 3260260 and 2193.
731
What is the greatest common divisor of 81 and 2889?
27
What is the greatest common divisor of 1162 and 3402?
14
Calculate the greatest common factor of 72600 and 22506.
726
Calculate the highest common factor of 31871 and 406.
203
Calculate the greatest common divisor of 128 and 132992.
128
Calculate the highest common factor of 57904 and 20304.
752
Calculate the greatest common divisor of 483262 and 52.
26
Calculate the highest common factor of 273 and 1983527.
91
What is the greatest common divisor of 9022 and 7514?
26
Calculate the highest common divisor of 606 and 308454.
606
Calculate the highest common factor of 9688 and 5628.
28
What is the highest common factor of 1263 and 59782?
421
Calculate the highest common divisor of 50 and 195775.
25
What is the greatest common divisor of 1369 and 52651?
37
What is the greatest common divisor of 455133 and 21?
21
What is the highest common divisor of 18448 and 1136?
16
Calculate the highest common divisor of 7003 and 5875.
47
What is the highest common factor of 18881 and 1501?
79
Calculate the greatest common factor of 1984 and 136.
8
Calculate the highest common divisor of 36 and 1985460.
12
What is the greatest common factor of 13823 and 1633?
23
What is the highest common divisor of 214560 and 1800?
360
What is the highest common factor of 2012 and 10515718?
1006
Calculate the highest common factor of 81999 and 207.
9
Calculate the greatest common divisor of 811638 and 402.
402
Calculate the greatest common factor of 168 and 14840.
56
Calculate the highest common factor of 34926 and 12.
6
Calculate the greatest common factor of 226820 and 935.
55
What is the greatest common factor of 47540 and 3480?
20
What is the highest common divisor of 8 and 584880?
8
Calculate the highest common factor of 378 and 476.
14
Calculate the greatest common factor of 98434 and 84.
14
Calculate the greatest common factor of 1314504 and 216.
72
What is the greatest common divisor of 26900 and 1215?
5
What is the greatest common factor of 11816 and 2016?
56
What is the highest common factor of 935 and 906015?
935
Calculate the highest common factor of 3605 and 950999.
721
What is the greatest common divisor of 196 and 836332?
196
What is the highest common factor of 134320 and 32?
16
Calculate the greatest common divisor of 34916 